mmon divisor of 17792 and 89723944.
1112
Calculate the highest common divisor of 264613415 and 935.
935
What is the greatest common divisor of 261884 and 38822?
658
What is the greatest common factor of 19343505 and 15?
15
Calculate the greatest common factor of 665874642 and 11382.
1626
Calculate the greatest common divisor of 40 and 7005640.
40
Calculate the greatest common factor of 43330091 and 19481.
161
Calculate the greatest common factor of 44 and 151461222.
22
Calculate the highest common factor of 2249159495 and 55.
55
Calculate the highest common factor of 78 and 31640349.
39
Calculate the greatest common factor of 4157340 and 10230.
330
What is the greatest common divisor of 2150 and 15846274?
86
Calculate the highest common factor of 6562412 and 1048900.
2468
What is the greatest common divisor of 206413671 and 1969?
179
What is the greatest common factor of 325 and 177268?
13
Calculate the greatest common factor of 1980 and 220133980.
220
What is the greatest common divisor of 66 and 539103609?
33
Calculate the greatest common factor of 3553 and 54857997.
323
What is the greatest common factor of 1167957 and 2114?
7
Calculate the greatest common divisor of 977 and 621830213.
977
What is the highest common factor of 10917309 and 5181?
471
What is the greatest common divisor of 380702 and 72562?
994
What is the highest common factor of 961287 and 649?
59
Calculate the greatest common divisor of 12572 and 24966196.
1796
What is the greatest common divisor of 2700057824 and 32?
32
What is the greatest common divisor of 221142658 and 22?
22
What is the highest common factor of 178818 and 666?
6
What is the highest common divisor of 17787 and 192753?
363
What is the highest common factor of 18101 and 985324?
787
Calculate the greatest common divisor of 184179 and 82709.
73
Calculate the highest common factor of 1950 and 11663175.
75
Calculate the highest common factor of 91 and 3353203.
7
Calculate the highest common factor of 7519554 and 7938.
1134
Calculate the highest common factor of 541200 and 10800.
1200
What is the highest common divisor of 1643 and 91646222?
53
What is the highest common factor of 3474435 and 3723?
219
What is the greatest common factor of 1763807 and 3?
1
Calculate the greatest common factor of 817953042 and 5689.
5689
Calculate the greatest common divisor of 107328 and 14144.
832
What is the highest common divisor of 2153011 and 9?
1
Calculate the highest common divisor of 110 and 293834.
2
What is the highest common divisor of 1082 and 4472?
2
What is the greatest common factor of 215170568 and 523?
523
What is the greatest common divisor of 26884813 and 1324?
331
Calculate the highest common factor of 127448 and 864.
8
What is the greatest common factor of 1160895 and 3609?
1203
Calculate the greatest common divisor of 1333 and 22490500.
31
Calculate the greatest common factor of 2598887 and 3488.
109
Calculate the highest common factor of 26296 and 583057921.
3287
Calculate the greatest common divisor of 1230 and 10777080.
30
Calculate the greatest common divisor of 65 and 12094004.
13
What is the highest common divisor of 75218 and 7628192?
286
Calculate the greatest common factor of 9338625 and 5625.
1125
What is the highest common factor of 3324669 and 3?
3
Calculate the highest common divisor of 194628 and 52528.
196
Calculate the highest common factor of 324 and 2226204.
324
What is the greatest common divisor of 28337533 and 147?
49
Calculate the greatest common divisor of 15356 and 153373.
11
What is the highest common divisor of 9 and 8769987?
9
What is the highest common factor of 1141584 and 7752?
408
Calculate the greatest common divisor of 137665 and 30580.
55
Calculate the greatest common factor of 25767 and 74977.
7
Calculate the greatest common factor of 180860 and 27572107.
9043
Calculate the greatest common factor of 41304018 and 42.
42
What is the highest common factor of 136 and 158568?
8
What is the greatest common factor of 648552 and 351360?
1464
What is the greatest common divisor of 36 and 37875339?
9
Calculate the highest common factor of 110 and 501748170.
110
What is the highest common divisor of 85426 and 19602?
242
Calculate the highest common divisor of 151445910 and 29150.
5830
Calculate the highest common divisor of 20 and 153177170.
10
Calculate the greatest common factor of 12032111 and 494.
247
What is the highest common divisor of 8826579 and 99?
9
What is the greatest common factor of 19874 and 2452?
2
Calculate the greatest common divisor of 11543573 and 33175.
1327
Calculate the greatest common factor of 297 and 15492384.
27
Calculate the greatest common divisor of 61 and 14858807.
61
What is the greatest common divisor of 11295288 and 504?
72
Calculate the greatest common divisor of 43680665 and 35.
35
What is the greatest common factor of 39057 and 24769?
47
What is the highest common factor of 2967782 and 306564?
866
Calculate the greatest common factor of 81110 and 114880.
10
What is the highest common divisor of 106359 and 23232?
363
What is the greatest common factor of 34561 and 33831581?
1819
What is the greatest common divisor of 346522 and 55594?
418
Calculate the greatest common factor of 18430 and 13282210.
970
What is the highest common divisor of 264 and 69179528?
88
What is the highest common divisor of 638 and 2350249?
11
What is the greatest common divisor of 7821115 and 122?
61
What is the greatest common factor of 372 and 25506924?
372
What is the greatest common divisor of 104 and 35306804?
52
Calculate the greatest common divisor of 15391615 and 133.
19
What is the highest common divisor of 2552727258 and 9606?
9606
Calculate the greatest common factor of 35397 and 698441805.
11799
What is the highest common divisor of 14748 and 38268?
12
Calculate the greatest common factor of 601137 and 255.
51
What is the highest common factor of 35392 and 11168?
32
What is the highest common divisor of 73077849 and 1887?
1887
Calculate the highest common factor of 574030 and 1298760.
1370
Calculate the greatest common divisor of 1176 and 2013172.
28
What is the greatest common factor of 314361 and 10692?
81
What is the highest common divisor of 1392 and 60043584?
48
Calculate the greatest common factor of 45125 and 1041485.
1805
What is the greatest common divisor of 36006421 and 13761?
1529
What is the highest common factor of 19070 and 10703991?
1907
Calculate the greatest common factor of 37588496 and 13872.
4624
Calculate the highest common factor of 110 and 11145530.
110
What is the greatest common factor of 330967 and 11063?
13
What is the greatest common factor of 1240556 and 1190348?
2092
Calculate the greatest common factor of 1104 and 1999605648.
1104
What is the greatest common factor of 792680 and 2?
2
Calculate the highest common divisor of 782298454 and 434.
434
Calculate the greatest common factor of 7752018 and 5106.
222
What is the greatest common divisor of 24896806 and 748?
374
Calculate the greatest common divisor of 840 and 33015225.
15
Calculate the highest common divisor of 109477379 and 33.
11
Calculate the greatest common divisor of 3883 and 80619199.
353
What is the greatest common factor of 74 and 26929488?
74
What is the greatest common divisor of 248332 and 4802?
686
Calculate the greatest common factor of 24666805 and 145.
5
Calculate the greatest common divisor of 1413 and 197754845.
157
What is the greatest common divisor of 2513280 and 48195?
1785
What is the highest common divisor of 184 and 6022941?
23
What is the highest common divisor of 7525661 and 143?
143
What is the highest common factor of 66 and 749628?
66
Calculate the highest common divisor of 620 and 1691920.
20
Calculate the highest common factor of 462 and 3430756.
14
Calculate the highest common factor of 35 and 1483923455.
35
Calculate the greatest common divisor of 253 and 16039441.
253
What is the greatest common factor of 754291 and 58124?
1321
What is the greatest common divisor of 1404 and 3402312?
12
What is the greatest common factor of 65379 and 71627967?
2109
Calculate the highest common factor of 17350 and 1586675.
25
Calculate the highest common divisor of 627 and 4477407.
627
Calculate the greatest common factor of 8738520 and 140.
140
Calculat